 - 1. Calculate r(o).
-14
Let g(a) = 69 - 49 - 50 - 8*a + 11*a. Give g(13).
9
Let x(d) = d**2 - 3*d. Let s be x(3). Let l(k) = -4*k - 2*k**2 + 1 + 3*k**2 + 0*k + s*k**2 + k**3. Calculate l(-3).
-5
Let z(o) = o + 3. Let w = 85 + -89. Give z(w).
-1
Let i(v) = -6*v**3 + 4*v**2 + v - 9. Let w(f) = 5*f**3 - 4*f**2 - f + 7. Let k(g) = 6*i(g) + 7*w(g). What is k(-4)?
-1
Let j(i) = i**3 - 12*i**2 - i - 6. Let z(a) = -a**2 + 12*a - 24. Let y be z(6). Determine j(y).
-18
Let p(v) = 2*v**2 + v + 1. Let d(s) = -s + 9. Let q be d(6). Let j(b) = 1 + b + b**2 + 3 + 1 - 3. Let i(z) = q*j(z) - 2*p(z). Calculate i(3).
-2
Let a be 16 - 4 - 6 - (1 - 0). Let t(x) = -x**2 + x - 1. Suppose -2*i + 0*i = -12. Let f(b) = 7*b**2 - 12*b + 6. Let m(z) = i*t(z) + f(z). Determine m(a).
-5
Let c(j) = j**3 + 3*j**2 - 2*j - 2. Let d = 26 + -26. Suppose s - 4*r + 0*r = 14, d = -3*s + 3*r + 15. Let z be (s + 0)*(2 + -4). What is c(z)?
-10
Let g(o) = -3*o + 1. Let c(q) = 10*q - 4. Let m(d) = -6*c(d) - 22*g(d). Determine m(-2).
-10
Let n(x) = x**2 + 16*x - 17. Let o be n(-18). Let u(j) = -67 + o + 23 + j + 23. Determine u(-4).
-6
Let u(w) = -w**2 - 4*w + 7. Let n be u(-5). Suppose n = -v - 3. Let l(k) be the first derivative of k**2 - 6*k + 11. What is l(v)?
-16
Let q(u) be the third derivative of -u**4/8 + 19*u**3/3 - 5*u**2 - 18. Give q(13).
-1
Let k(a) = -2*a**2 + a + 5. Let u(y) = 3*y**2 - y - 6. Let o(m) = -5*k(m) - 4*u(m). Let q(l) = l - 57. Let x be q(59). Calculate o(x).
-11
Let u(s) = s**3 - s - 7*s + 12 - 17 - 8*s**2. Give u(9).
4
Let l(i) = 4*i**3 - 20*i**2 - 3 - 3*i**3 + 27*i**2 - 11*i**2 - 5*i. Suppose -6*x - 15 = -45. What is l(x)?
-3
Let w(n) = 5*n**2 - 15*n + 1. Let m(t) = -11*t**2 + 31*t - 1. Suppose 4*h = -2*g + 20, -7*h + 4*g = -3*h - 32. Let l(j) = h*m(j) + 13*w(j). What is l(-7)?
21
Suppose -6 = -3*q + 2*z, 7*q - 4*q - 21 = -3*z. Suppose 0 = q*j + 5 + 11. Let l(w) = -2*w**2 - w + 5. Determine l(j).
-23
Let o be (-117)/(-21) + 1 + (-22)/14. Let y(m) = 5*m**3 - 11*m**2 - 2*m - 4. Let w(d) = 4*d**3 - 10*d**2 - 2*d - 3. Let z(t) = o*y(t) - 6*w(t). Determine z(-5).
-12
Let q(u) = -u + 17. Let p be q(14). Let y(v) = -8 - p - 35*v - v**2 + 46*v. Calculate y(9).
7
Let o(v) be the second derivative of 0 + 9/2*v**2 + 2*v - 7/6*v**3. Let u(i) = -i + 1. Let w(z) = -o(z) + 6*u(z). Give w(4).
1
Let w = 26 - 22. Let n(c) = c**2 + 10*c - 10. Let f(q) = -q + 1. Let a(b) = w*f(b) + n(b). Let j be -2 + (-4 - -1) - 1. What is a(j)?
-6
Let s(q) be the third derivative of -1/2*q**3 + 0 - 19*q**2 + 0*q + 1/24*q**4. Determine s(1).
-2
Let d be 5/(2*(-5)/(-12)). Let i(r) = -15*r - 4 - d*r**2 - 4*r**3 + 3*r**3 + 2*r + 7*r. Calculate i(-5).
1
Let o be (-4 - -7) + (2 - 1 - 2). Suppose 0 = -n + 5*l + 3, -o*l - 4 + 0 = 0. Let a(q) = q**2 + 10*q + 1. Calculate a(n).
-20
Suppose -16 = 3*l - 2*l - b, -49 = 4*l - b. Let n = l + 16. Let u(i) = -i - 3 + n*i + i - 2*i. What is u(3)?
6
Let f be 1*(8 - 0 - 4). Let g(k) = f*k - 1 - 3 + 2 + k**2 - 1. Suppose -h = -4*h - 18. Calculate g(h).
9
Suppose 0 = -5*s + 5, -15 = f + 3*f - 3*s. Let a(r) be the third derivative of -r**4/24 + r**3/3 - r**2. Determine a(f).
5
Let a(l) = 3 + 0 + l**2 + 0 - 4*l. Let t = -32 + 23. Let g be (-4 - -1)*6/t. Determine a(g).
-1
Let p(y) = y**3 + y**3 - 3*y**3 + 4*y**2 - 11*y**2 - 6*y. Determine p(-6).
0
Suppose -3*i = -0*i - 3. Let d(n) be the second derivative of 0 - 36*n + 1/6*n**3 + 0*n**2 - 1/12*n**4. Give d(i).
0
Let x(z) = z**2 + 30*z - 6. Let o be x(0). Let r(l) = -3*l**2 - 5*l - 4. Let n(d) = d**2 + 2*d + 1. Let f(y) = -7*n(y) - 2*r(y). What is f(o)?
-11
Let a be (-4)/(-16) + 297/12. Suppose 5*u - a = 10*u + z, -2*u - 2*z = 2. Let d(s) = s**3 + 5*s**2 - 4*s + 2. What is d(u)?
-10
Let u(t) be the first derivative of t**3/3 - 3*t**2 + 7*t - 659. What is u(5)?
2
Let o(c) = -c**2 - 12*c + 8. Let u be o(-12). Let t(f) = -f**3 + 8*f**2 + 3*f - 1. What is t(u)?
23
Let i(d) = -d**3 - 2*d**2 + 8*d. Let a be i(2). Let x(s) = -s**2 - s + 43. Give x(a).
43
Let z(q) = -11*q + 46. Let j(n) = 10*n - 46. Let t(f) = -4*j(f) - 3*z(f). Give t(7).
-3
Let g(y) = y**2 + 22*y - 32. Suppose 3*b = -p - 64, 2*b + 4*p + 40 = 14. Determine g(b).
-9
Let j(c) = c**3 - 7*c**2 + c - 2. Suppose -3*b + a + 27 = -a, -5*a + 13 = 4*b. Let x be j(b). Let m(p) = -p**2 + 3*p + 7. Give m(x).
-3
Let p(n) = -n**2 + 6*n - 2. Suppose 0 = 4*r + 77 + 67. Let q = 43 + r. Determine p(q).
-9
Let r be ((3 - 1) + 5)/(26/26). Let y(z) be the first derivative of -z**4/4 + 2*z**3 + 3*z**2 + 4*z - 1. Calculate y(r).
-3
Let k(d) = d**3 - 10*d**2 - 11*d + 11. Let i(s) = 63*s - 115. Let n be i(2). What is k(n)?
11
Let h(o) be the first derivative of -2*o**2 + 4*o + 15. Calculate h(-1).
8
Let y(j) = -3*j**2 - 3*j - 11. Let l(f) = 13*f**2 + 11*f + 45. Let o(i) = -2*l(i) - 9*y(i). Let d(b) = -b**2 + 2*b + 2. Let c be d(-2). Calculate o(c).
15
Let k(i) = -8*i + 13. Let b(a) = -24*a + 38. Let v(o) = -6*b(o) + 17*k(o). Let r(u) = u. Let t(c) = -5*r(c) + v(c). Let s = 14 + -8. Calculate t(s).
11
Let l(c) = 2*c**2 - c - 9. Let k(q) = -q**2 + 2*q + 8. Let w(o) = 3*k(o) + 2*l(o). What is w(-6)?
18
Let g(h) = 18*h**2 + 1. Let p be g(-1). Let d = p + -5. Suppose -v + 8 = -5*s - 1, 2*s - 3*v + d = 0. Let w(x) = -x**2 - x - 1. What is w(s)?
-1
Let p = 30 + -17. Let s = p + -10. Suppose -3*g = -3*y - 15, y - 15 = -s*g - 0*y. Let n(a) = a**2 - 5*a + 4. Calculate n(g).
4
Let d(x) = 13*x**3 + x**2 + 2*x - 1. Let k be d(-2). Let g = -99 - k. Let y(q) = q**2 - 9*q + 7. Give y(g).
-11
Let c(k) = -50*k**2 + 3*k + 1. Let x be ((-175)/21 + 7)/((-16)/(-12)). Calculate c(x).
-52
Let a(b) = 0*b + b - 1 - 2*b + 2 + 3*b**2. Calculate a(1).
3
Let r(g) = 39*g + g**2 + 3 + 52*g - 75*g. What is r(-15)?
-12
Let z(q) be the second derivative of -q**3/6 - 5*q**2/2 + 99*q. Give z(0).
-5
Let h(x) be the third derivative of x**6/120 + 11*x**5/60 - x**4/24 - 5*x**3/3 + 28*x**2. Calculate h(-11).
1
Suppose 0 = t + y - 47, 5*y = 3*t - 7*t + 183. Suppose -17 = -5*m - t. Let x(w) = 12*w + 7 - 9*w - 4 + 6. Give x(m).
-12
Let r(s) = s**3 - 3*s**2 + 2*s - 1. Let x be 1 + (-2 - 0) + 5. Suppose 3*b = -f - f + 8, 0 = -x*b + f + 7. Let u be r(b). Let q(i) = -2*i - 1. Determine q(u).
1
Let f = 25 - 24. Let a(u) = u**2. Let y(k) = -k**2. Let v(c) = -3*a(c) - 6*y(c). Determine v(f).
3
Let h(x) be the second derivative of -x**5/20 + 5*x**4/12 - 2*x**3/3 + 3*x**2/2 - 5*x + 33. Determine h(3).
9
Let p(i) = 3*i - i**2 - 4*i + 8498 - 8520. What is p(0)?
-22
Let v(s) = 9*s + 10. Let t(a) = 19*a + 21. Let b(o) = -6*t(o) + 13*v(o). Let d(u) = 3*u - 39. Let c(f) = -4*f. Let p be c(-3). Let q be d(p). Give b(q).
-5
Let s(x) = 5 - 3 - 3. Let c(j) = -31*j + 214. Let y be c(7). Let l(n) = n + 3. Let w(h) = y*s(h) - l(h). What is w(3)?
-3
Let x be -1*(1 + (-2)/(-2)) + 93. Let h = x + -101. Let q(j) = j + 5. Determine q(h).
-5
Let d = 24 - -30. Let z = 47 - d. Let m(u) = u**2 + 6*u - 8. Give m(z).
-1
Let k be 6/1 - (-7 - -13). Let w(z) = -z**3 - z**2 - z - 8. What is w(k)?
-8
Let s(g) = g**2 - g - 20. Let j be s(5). Let a(l) = -17*l + l**2 + 9*l + 1 + 8*l. What is a(j)?
1
Let o(q) = 2*q**2 - 3*q - 4. Suppose -w + 3 = -2*g, -4*w + 3 = g - 0. Let p be (2 - g - (-4)/(-1)) + 4. Determine o(p).
5
Let t(b) = 3*b - 1. Let g(h) = 16*h - 7. Let k(p) = g(p) - 5*t(p). Let m be (18/12)/((-2)/(-4)). Let n be 4*m/(-12)*-5. What is k(n)?
3
Let f(n) = 9*n**2 - 22*n. Let z(y) = -4*y**2 + 11*y + 1. Let l(k) = -3*f(k) - 7*z(k). Give l(11).
-7
Let g(b) = -4*b**2 - b + 1. Let p(n) = 3*n**2 - 2*n + 1. Let q be p(1). Suppose 4 = 2*j - q. Suppose k - j*d - 7 = 0, d - 19 = 5*k + 4*d. What is g(k)?
-13
Suppose 5*j - 19 + 4 = 0. Suppose -4*a = j*a + 56. Let u(l) = -l - 7. Determine u(a).
1
Let m be (9 + (-470)/50)/(2/(-10)). Let u(q) = 4*q**3 - 2*q**2 - 4*q + 8. Let v(p) = p**3 - p**2 + 1. Let s(j) = -u(j) + 6*v(j). Calculate s(m).
6
Let j(k) = 2*k**2 - 6*k**2 + 0 + k**3 + k - 1 - 4. Let d be j(4). Let x(n) = 3*n - n + 1 + 3*n - 2. Determine x(d).
-6
Let i(l) be the first derivative of 1/4*l**4 + 4*l + 1/3*l**3 + 1/2*l**2 - 13. Let x be 1 - 1/2*2. Calculate i(x).
4
Let t(r) be the third derivative of r**8/6720 - r**7/420 - r**6/80 + r**5/120 + 5*r**4/6 - 10*r**2. Let u(g) be the second derivative of t(g). Give u(7).
-13
Let u(r) be the first derivative of -r**4